{"id":5039,"date":"2017-12-14T08:40:32","date_gmt":"2017-12-14T08:40:32","guid":{"rendered":"http:\/\/www.ff-heiligenkreuz.com\/?page_id=5039"},"modified":"2020-01-13T09:20:33","modified_gmt":"2020-01-13T09:20:33","slug":"jahresabschlussfeier-2015-2-2","status":"publish","type":"page","link":"http:\/\/www.ff-heiligenkreuz.com\/?page_id=5039","title":{"rendered":"JAHRESABSCHLUSSFEIER 2019"},"content":{"rendered":"<table class=\"wp-list-table widefat fixed striped wonderplugin-gallery_page_wonderplugin_gallery_show_items\">\n<tbody id=\"the-list\">\n<tr>\n<td class=\"shortcode column-shortcode\" data-colname=\"Shortcode\">Jahresabschlussfeier 2019<\/p>\n<p>Am Sonntag den 15.12.2019 hat die Jahresabschlussfeier der FF Heiligenkreuz am Waasen im Feuerwehrhaus stattgefunden.<\/p>\n<p>HBI Ing. Patrick Pichler bedankte sich f\u00fcr den unentgeltlichen Einsatz bei seinen Kameradinnen und Kameraden, sowie f\u00fcr die bisher erbrachte unerm\u00fcdliche Leistung beim R\u00fcsthaus Zu- und Umbau und baut darauf weiterhin gemeinsam und stark als Team zum Wohle der Bev\u00f6lkerung weiter zu arbeiten.<\/p>\n<div class=\"text_exposed_show\">\n<p>Es konnten einige Ehreng\u00e4ste begr\u00fc\u00dft werden, darunter von der Marktgemeinde Heiligenkreuz am Waasen B\u00fcrgermeister Franz Platzer, Pfarrer Geistl. Rat Mag. Alois Stumpf, Bereichsfeuerwehrkommandant OBR Josef Krenn und Rotes Kreuz Ortsstellenleiter Fritz Milocco.<\/p>\n<p>Bgm. Franz Platzer bedankte sich ebenfalls f\u00fcr die gro\u00dfe Einsatzbereitschaft und den unerm\u00fcdlichen Einsatz f\u00fcr die Bev\u00f6lkerung.<\/p>\n<\/div>\n<p><div style=\"max-width:720px;margin:0 auto;\"><div class=\"wonderplugingallery\" data-width=\"720\" data-height=\"420\" data-skin=\"light\" data-autoslide=\"true\" data-autoplayvideo=\"false\" data-html5player=\"false\" data-responsive=\"true\" data-fullwidth=\"false\" data-showtitle=\"false\" data-showdescription=\"false\" data-showplaybutton=\"false\" data-showfullscreenbutton=\"false\" data-showtimer=\"true\" data-showcarousel=\"true\" data-galleryshadow=\"false\" data-slideshadow=\"true\" data-thumbshowtitle=\"false\" data-thumbshadow=\"true\" data-lightboxshowtitle=\"false\" data-lightboxshowdescription=\"false\" data-googleanalyticsaccount=\"\" data-resizemode=\"fill\" data-imagetoolboxmode=\"mouseover\" data-effect=\"fade\" data-padding=\"12\" data-bgcolor=\"\" data-bgimage=\"\" data-thumbwidth=\"48\" data-thumbheight=\"48\" data-thumbgap=\"8\" data-thumbrowgap=\"16\" data-lightboxtextheight=\"72\" data-lightboxtitlecss=\"{color:#333333; font:bold 12px Arial,Helvetica,sans-serif; overflow:hidden; white-space:normal; line-height:18px;}\" data-lightboxdescriptioncss=\"{color:#333333; font:normal 12px Arial,Helvetica,sans-serif; overflow:hidden; white-space:normal; line-height:14px;}\" data-titlecss=\"{color:#ffffff; font-size:14px; font-family:Armata, sans-serif, Arial; overflow:hidden; white-space:normal; text-align:left; padding:10px 0px 10px 10px;  background:rgb(102, 102, 102) transparent; background:rgba(102, 102, 102, 0.6);}\" data-descriptioncss=\"{color:#ffffff; font-size:12px; font-family:Armata, sans-serif, Arial; overflow:hidden; white-space:normal; text-align:left; padding:0px 0px 10px 10px;  background:rgb(102, 102, 102) transparent; background:rgba(102, 102, 102, 0.6);}\" data-jsfolder=\"http:\/\/www.ff-heiligenkreuz.com\/wp-content\/plugins\/wonderplugin-gallery\/engine\/\" style=\"display:none;\" ><a href=\"http:\/\/www.ff-heiligenkreuz.com\/wp-content\/uploads\/2020\/01\/80511130_2456343367920320_5997632498392104960_o.jpg\"><img src=\"http:\/\/www.ff-heiligenkreuz.com\/wp-content\/uploads\/2020\/01\/80511130_2456343367920320_5997632498392104960_o-150x150.jpg\" alt=\"80511130_2456343367920320_5997632498392104960_o\"><\/a><a href=\"http:\/\/www.ff-heiligenkreuz.com\/wp-content\/uploads\/2020\/01\/80455507_2456344081253582_861777349627084800_o.jpg\"><img src=\"http:\/\/www.ff-heiligenkreuz.com\/wp-content\/uploads\/2020\/01\/80455507_2456344081253582_861777349627084800_o-150x150.jpg\" alt=\"80455507_2456344081253582_861777349627084800_o\"><\/a><a href=\"http:\/\/www.ff-heiligenkreuz.com\/wp-content\/uploads\/2020\/01\/79894160_2456344051253585_3954915347693305856_o.jpg\"><img src=\"http:\/\/www.ff-heiligenkreuz.com\/wp-content\/uploads\/2020\/01\/79894160_2456344051253585_3954915347693305856_o-150x150.jpg\" alt=\"79894160_2456344051253585_3954915347693305856_o\"><\/a><a href=\"http:\/\/www.ff-heiligenkreuz.com\/wp-content\/uploads\/2020\/01\/80563652_2456344144586909_7654632242693537792_o.jpg\"><img src=\"http:\/\/www.ff-heiligenkreuz.com\/wp-content\/uploads\/2020\/01\/80563652_2456344144586909_7654632242693537792_o-150x150.jpg\" alt=\"80563652_2456344144586909_7654632242693537792_o\"><\/a><a href=\"http:\/\/www.ff-heiligenkreuz.com\/wp-content\/uploads\/2020\/01\/79933206_2456344924586831_3701339323191263232_o.jpg\"><img src=\"http:\/\/www.ff-heiligenkreuz.com\/wp-content\/uploads\/2020\/01\/79933206_2456344924586831_3701339323191263232_o-150x150.jpg\" alt=\"79933206_2456344924586831_3701339323191263232_o\"><\/a><a href=\"http:\/\/www.ff-heiligenkreuz.com\/wp-content\/uploads\/2020\/01\/81128672_2456344841253506_7734045706960240640_o.jpg\"><img src=\"http:\/\/www.ff-heiligenkreuz.com\/wp-content\/uploads\/2020\/01\/81128672_2456344841253506_7734045706960240640_o-150x150.jpg\" alt=\"81128672_2456344841253506_7734045706960240640_o\"><\/a><a href=\"http:\/\/www.ff-heiligenkreuz.com\/wp-content\/uploads\/2020\/01\/79863511_2456344541253536_271411597753188352_o.jpg\"><img src=\"http:\/\/www.ff-heiligenkreuz.com\/wp-content\/uploads\/2020\/01\/79863511_2456344541253536_271411597753188352_o-150x150.jpg\" alt=\"79863511_2456344541253536_271411597753188352_o\"><\/a><a href=\"http:\/\/www.ff-heiligenkreuz.com\/wp-content\/uploads\/2020\/01\/80020549_2456346114586712_2505277616580198400_o.jpg\"><img src=\"http:\/\/www.ff-heiligenkreuz.com\/wp-content\/uploads\/2020\/01\/80020549_2456346114586712_2505277616580198400_o-150x150.jpg\" alt=\"80020549_2456346114586712_2505277616580198400_o\"><\/a><a href=\"http:\/\/www.ff-heiligenkreuz.com\/wp-content\/uploads\/2020\/01\/79925890_2456346284586695_92623911790837760_o.jpg\"><img src=\"http:\/\/www.ff-heiligenkreuz.com\/wp-content\/uploads\/2020\/01\/79925890_2456346284586695_92623911790837760_o-150x150.jpg\" alt=\"79925890_2456346284586695_92623911790837760_o\"><\/a><a href=\"http:\/\/www.ff-heiligenkreuz.com\/wp-content\/uploads\/2020\/01\/79982338_2456346724586651_3024966748135751680_o.jpg\"><img src=\"http:\/\/www.ff-heiligenkreuz.com\/wp-content\/uploads\/2020\/01\/79982338_2456346724586651_3024966748135751680_o-150x150.jpg\" alt=\"79982338_2456346724586651_3024966748135751680_o\"><\/a><a href=\"http:\/\/www.ff-heiligenkreuz.com\/wp-content\/uploads\/2020\/01\/80033335_2456344694586854_3128437140271136768_o.jpg\"><img src=\"http:\/\/www.ff-heiligenkreuz.com\/wp-content\/uploads\/2020\/01\/80033335_2456344694586854_3128437140271136768_o-150x150.jpg\" alt=\"80033335_2456344694586854_3128437140271136768_o\"><\/a><a href=\"http:\/\/www.ff-heiligenkreuz.com\/wp-content\/uploads\/2020\/01\/80043167_2456345621253428_590043229894737920_o.jpg\"><img src=\"http:\/\/www.ff-heiligenkreuz.com\/wp-content\/uploads\/2020\/01\/80043167_2456345621253428_590043229894737920_o-150x150.jpg\" alt=\"80043167_2456345621253428_590043229894737920_o\"><\/a><a href=\"http:\/\/www.ff-heiligenkreuz.com\/wp-content\/uploads\/2020\/01\/80049446_2456344314586892_7440179710945918976_o.jpg\"><img src=\"http:\/\/www.ff-heiligenkreuz.com\/wp-content\/uploads\/2020\/01\/80049446_2456344314586892_7440179710945918976_o-150x150.jpg\" alt=\"80049446_2456344314586892_7440179710945918976_o\"><\/a><a href=\"http:\/\/www.ff-heiligenkreuz.com\/wp-content\/uploads\/2020\/01\/80051020_2456344581253532_6337011197690249216_o.jpg\"><img src=\"http:\/\/www.ff-heiligenkreuz.com\/wp-content\/uploads\/2020\/01\/80051020_2456344581253532_6337011197690249216_o-150x150.jpg\" alt=\"80051020_2456344581253532_6337011197690249216_o\"><\/a><a href=\"http:\/\/www.ff-heiligenkreuz.com\/wp-content\/uploads\/2020\/01\/80092320_2456346231253367_6161608259489759232_o.jpg\"><img src=\"http:\/\/www.ff-heiligenkreuz.com\/wp-content\/uploads\/2020\/01\/80092320_2456346231253367_6161608259489759232_o-150x150.jpg\" alt=\"80092320_2456346231253367_6161608259489759232_o\"><\/a><a href=\"http:\/\/www.ff-heiligenkreuz.com\/wp-content\/uploads\/2020\/01\/80100713_2456345531253437_7976001688853020672_o.jpg\"><img src=\"http:\/\/www.ff-heiligenkreuz.com\/wp-content\/uploads\/2020\/01\/80100713_2456345531253437_7976001688853020672_o-150x150.jpg\" alt=\"80100713_2456345531253437_7976001688853020672_o\"><\/a><a href=\"http:\/\/www.ff-heiligenkreuz.com\/wp-content\/uploads\/2020\/01\/80113095_2456345661253424_4216032089226608640_o.jpg\"><img src=\"http:\/\/www.ff-heiligenkreuz.com\/wp-content\/uploads\/2020\/01\/80113095_2456345661253424_4216032089226608640_o-150x150.jpg\" alt=\"80113095_2456345661253424_4216032089226608640_o\"><\/a><a href=\"http:\/\/www.ff-heiligenkreuz.com\/wp-content\/uploads\/2020\/01\/80120546_2456345987920058_785621648119169024_o.jpg\"><img src=\"http:\/\/www.ff-heiligenkreuz.com\/wp-content\/uploads\/2020\/01\/80120546_2456345987920058_785621648119169024_o-150x150.jpg\" alt=\"80120546_2456345987920058_785621648119169024_o\"><\/a><a href=\"http:\/\/www.ff-heiligenkreuz.com\/wp-content\/uploads\/2020\/01\/80122926_2456344407920216_5544879285388443648_o.jpg\"><img src=\"http:\/\/www.ff-heiligenkreuz.com\/wp-content\/uploads\/2020\/01\/80122926_2456344407920216_5544879285388443648_o-150x150.jpg\" alt=\"80122926_2456344407920216_5544879285388443648_o\"><\/a><a href=\"http:\/\/www.ff-heiligenkreuz.com\/wp-content\/uploads\/2020\/01\/80224601_2456344171253573_5463863222794715136_o.jpg\"><img src=\"http:\/\/www.ff-heiligenkreuz.com\/wp-content\/uploads\/2020\/01\/80224601_2456344171253573_5463863222794715136_o-150x150.jpg\" alt=\"80224601_2456344171253573_5463863222794715136_o\"><\/a><a href=\"http:\/\/www.ff-heiligenkreuz.com\/wp-content\/uploads\/2020\/01\/80232209_2456346871253303_2027476467838877696_o.jpg\"><img src=\"http:\/\/www.ff-heiligenkreuz.com\/wp-content\/uploads\/2020\/01\/80232209_2456346871253303_2027476467838877696_o-150x150.jpg\" alt=\"80232209_2456346871253303_2027476467838877696_o\"><\/a><a href=\"http:\/\/www.ff-heiligenkreuz.com\/wp-content\/uploads\/2020\/01\/81556661_2456345747920082_618078650394214400_o.jpg\"><img src=\"http:\/\/www.ff-heiligenkreuz.com\/wp-content\/uploads\/2020\/01\/81556661_2456345747920082_618078650394214400_o-150x150.jpg\" alt=\"81556661_2456345747920082_618078650394214400_o\"><\/a><a href=\"http:\/\/www.ff-heiligenkreuz.com\/wp-content\/uploads\/2020\/01\/80480415_2456345841253406_1988424859952087040_o.jpg\"><img src=\"http:\/\/www.ff-heiligenkreuz.com\/wp-content\/uploads\/2020\/01\/80480415_2456345841253406_1988424859952087040_o-150x150.jpg\" alt=\"80480415_2456345841253406_1988424859952087040_o\"><\/a><a href=\"http:\/\/www.ff-heiligenkreuz.com\/wp-content\/uploads\/2020\/01\/80393529_2456346611253329_6260193001771892736_o.jpg\"><img src=\"http:\/\/www.ff-heiligenkreuz.com\/wp-content\/uploads\/2020\/01\/80393529_2456346611253329_6260193001771892736_o-150x150.jpg\" alt=\"80393529_2456346611253329_6260193001771892736_o\"><\/a><a href=\"http:\/\/www.ff-heiligenkreuz.com\/wp-content\/uploads\/2020\/01\/79907483_2456346051253385_1224578820577689600_o.jpg\"><img src=\"http:\/\/www.ff-heiligenkreuz.com\/wp-content\/uploads\/2020\/01\/79907483_2456346051253385_1224578820577689600_o-150x150.jpg\" alt=\"79907483_2456346051253385_1224578820577689600_o\"><\/a><a href=\"http:\/\/www.ff-heiligenkreuz.com\/wp-content\/uploads\/2020\/01\/80418350_2456344964586827_7220860800863305728_o.jpg\"><img src=\"http:\/\/www.ff-heiligenkreuz.com\/wp-content\/uploads\/2020\/01\/80418350_2456344964586827_7220860800863305728_o-150x150.jpg\" alt=\"80418350_2456344964586827_7220860800863305728_o\"><\/a><a href=\"http:\/\/www.ff-heiligenkreuz.com\/wp-content\/uploads\/2020\/01\/80473026_2456345364586787_5900105774058700800_o.jpg\"><img src=\"http:\/\/www.ff-heiligenkreuz.com\/wp-content\/uploads\/2020\/01\/80473026_2456345364586787_5900105774058700800_o-150x150.jpg\" alt=\"80473026_2456345364586787_5900105774058700800_o\"><\/a><a href=\"http:\/\/www.ff-heiligenkreuz.com\/wp-content\/uploads\/2020\/01\/80478360_2456346664586657_3696774348481232896_o.jpg\"><img src=\"http:\/\/www.ff-heiligenkreuz.com\/wp-content\/uploads\/2020\/01\/80478360_2456346664586657_3696774348481232896_o-150x150.jpg\" alt=\"80478360_2456346664586657_3696774348481232896_o\"><\/a><a href=\"http:\/\/www.ff-heiligenkreuz.com\/wp-content\/uploads\/2020\/01\/80568990_2456345217920135_4299122401980973056_o.jpg\"><img src=\"http:\/\/www.ff-heiligenkreuz.com\/wp-content\/uploads\/2020\/01\/80568990_2456345217920135_4299122401980973056_o-150x150.jpg\" alt=\"80568990_2456345217920135_4299122401980973056_o\"><\/a><a href=\"http:\/\/www.ff-heiligenkreuz.com\/wp-content\/uploads\/2020\/01\/80615528_2456345867920070_863368390197116928_o.jpg\"><img src=\"http:\/\/www.ff-heiligenkreuz.com\/wp-content\/uploads\/2020\/01\/80615528_2456345867920070_863368390197116928_o-150x150.jpg\" alt=\"80615528_2456345867920070_863368390197116928_o\"><\/a><a href=\"http:\/\/www.ff-heiligenkreuz.com\/wp-content\/uploads\/2020\/01\/80692689_2456345397920117_8273878432702529536_o.jpg\"><img src=\"http:\/\/www.ff-heiligenkreuz.com\/wp-content\/uploads\/2020\/01\/80692689_2456345397920117_8273878432702529536_o-150x150.jpg\" alt=\"80692689_2456345397920117_8273878432702529536_o\"><\/a><a href=\"http:\/\/www.ff-heiligenkreuz.com\/wp-content\/uploads\/2020\/01\/80693860_2456346557920001_6830127701592899584_o.jpg\"><img src=\"http:\/\/www.ff-heiligenkreuz.com\/wp-content\/uploads\/2020\/01\/80693860_2456346557920001_6830127701592899584_o-150x150.jpg\" alt=\"80693860_2456346557920001_6830127701592899584_o\"><\/a><a href=\"http:\/\/www.ff-heiligenkreuz.com\/wp-content\/uploads\/2020\/01\/80728096_2456345087920148_7137654296358682624_o.jpg\"><img src=\"http:\/\/www.ff-heiligenkreuz.com\/wp-content\/uploads\/2020\/01\/80728096_2456345087920148_7137654296358682624_o-150x150.jpg\" alt=\"80728096_2456345087920148_7137654296358682624_o\"><\/a><a href=\"http:\/\/www.ff-heiligenkreuz.com\/wp-content\/uploads\/2020\/01\/80751216_2456346187920038_4522768139426988032_o.jpg\"><img src=\"http:\/\/www.ff-heiligenkreuz.com\/wp-content\/uploads\/2020\/01\/80751216_2456346187920038_4522768139426988032_o-150x150.jpg\" alt=\"80751216_2456346187920038_4522768139426988032_o\"><\/a><a href=\"http:\/\/www.ff-heiligenkreuz.com\/wp-content\/uploads\/2020\/01\/80840957_2456345477920109_2518533573577801728_o.jpg\"><img src=\"http:\/\/www.ff-heiligenkreuz.com\/wp-content\/uploads\/2020\/01\/80840957_2456345477920109_2518533573577801728_o-150x150.jpg\" alt=\"80840957_2456345477920109_2518533573577801728_o\"><\/a><a href=\"http:\/\/www.ff-heiligenkreuz.com\/wp-content\/uploads\/2020\/01\/80874694_2456346397920017_1805158794410328064_o.jpg\"><img src=\"http:\/\/www.ff-heiligenkreuz.com\/wp-content\/uploads\/2020\/01\/80874694_2456346397920017_1805158794410328064_o-150x150.jpg\" alt=\"80874694_2456346397920017_1805158794410328064_o\"><\/a><a href=\"http:\/\/www.ff-heiligenkreuz.com\/wp-content\/uploads\/2020\/01\/80902355_2456345581253432_1819752229993709568_o.jpg\"><img src=\"http:\/\/www.ff-heiligenkreuz.com\/wp-content\/uploads\/2020\/01\/80902355_2456345581253432_1819752229993709568_o-150x150.jpg\" alt=\"80902355_2456345581253432_1819752229993709568_o\"><\/a><a href=\"http:\/\/www.ff-heiligenkreuz.com\/wp-content\/uploads\/2020\/01\/81021284_2456344741253516_4413683426171813888_o.jpg\"><img src=\"http:\/\/www.ff-heiligenkreuz.com\/wp-content\/uploads\/2020\/01\/81021284_2456344741253516_4413683426171813888_o-150x150.jpg\" alt=\"81021284_2456344741253516_4413683426171813888_o\"><\/a><a href=\"http:\/\/www.ff-heiligenkreuz.com\/wp-content\/uploads\/2020\/01\/81086067_2456346311253359_2692923865864077312_o.jpg\"><img src=\"http:\/\/www.ff-heiligenkreuz.com\/wp-content\/uploads\/2020\/01\/81086067_2456346311253359_2692923865864077312_o-150x150.jpg\" alt=\"81086067_2456346311253359_2692923865864077312_o\"><\/a><a href=\"http:\/\/www.ff-heiligenkreuz.com\/wp-content\/uploads\/2020\/01\/79844934_2456346777919979_5612811885461110784_o.jpg\"><img src=\"http:\/\/www.ff-heiligenkreuz.com\/wp-content\/uploads\/2020\/01\/79844934_2456346777919979_5612811885461110784_o-150x150.jpg\" alt=\"79844934_2456346777919979_5612811885461110784_o\"><\/a><a href=\"http:\/\/www.ff-heiligenkreuz.com\/wp-content\/uploads\/2020\/01\/81120358_2456345244586799_3298924621545340928_o.jpg\"><img src=\"http:\/\/www.ff-heiligenkreuz.com\/wp-content\/uploads\/2020\/01\/81120358_2456345244586799_3298924621545340928_o-150x150.jpg\" alt=\"81120358_2456345244586799_3298924621545340928_o\"><\/a><a href=\"http:\/\/www.ff-heiligenkreuz.com\/wp-content\/uploads\/2020\/01\/79821390_2456346457920011_971705083358085120_o.jpg\"><img src=\"http:\/\/www.ff-heiligenkreuz.com\/wp-content\/uploads\/2020\/01\/79821390_2456346457920011_971705083358085120_o-150x150.jpg\" alt=\"79821390_2456346457920011_971705083358085120_o\"><\/a><a href=\"http:\/\/www.ff-heiligenkreuz.com\/wp-content\/uploads\/2020\/01\/81237769_2456344804586843_4801574670136508416_o.jpg\"><img src=\"http:\/\/www.ff-heiligenkreuz.com\/wp-content\/uploads\/2020\/01\/81237769_2456344804586843_4801574670136508416_o-150x150.jpg\" alt=\"81237769_2456344804586843_4801574670136508416_o\"><\/a><a href=\"http:\/\/www.ff-heiligenkreuz.com\/wp-content\/uploads\/2020\/01\/81250730_2456345961253394_4658361493912289280_o.jpg\"><img src=\"http:\/\/www.ff-heiligenkreuz.com\/wp-content\/uploads\/2020\/01\/81250730_2456345961253394_4658361493912289280_o-150x150.jpg\" alt=\"81250730_2456345961253394_4658361493912289280_o\"><\/a><a href=\"http:\/\/www.ff-heiligenkreuz.com\/wp-content\/uploads\/2020\/01\/81521955_2456346814586642_6038897062408355840_o.jpg\"><img src=\"http:\/\/www.ff-heiligenkreuz.com\/wp-content\/uploads\/2020\/01\/81521955_2456346814586642_6038897062408355840_o-150x150.jpg\" alt=\"81521955_2456346814586642_6038897062408355840_o\"><\/a><\/div><\/div><\/td>\n<\/tr>\n<\/tbody>\n<\/table>\n<div id=\"spoon-plugin-kncgbdglledmjmpnikebkagnchfdehbm-2\" style=\"display: none;\"><\/div>\n","protected":false},"excerpt":{"rendered":"<p>Jahresabschlussfeier 2019 Am Sonntag den 15.12.2019 hat die Jahresabschlussfeier der FF Heiligenkreuz am Waasen im Feuerwehrhaus stattgefunden. HBI Ing. Patrick Pichler bedankte sich f\u00fcr den unentgeltlichen Einsatz bei seinen Kameradinnen und Kameraden, sowie f\u00fcr die bisher erbrachte unerm\u00fcdliche Leistung beim R\u00fcsthaus Zu- und Umbau und baut darauf weiterhin gemeinsam und &#8230;<\/p>\n","protected":false},"author":2,"featured_media":0,"parent":206,"menu_order":0,"comment_status":"closed","ping_status":"closed","template":"","meta":[],"_links":{"self":[{"href":"http:\/\/www.ff-heiligenkreuz.com\/index.php?rest_route=\/wp\/v2\/pages\/5039"}],"collection":[{"href":"http:\/\/www.ff-heiligenkreuz.com\/index.php?rest_route=\/wp\/v2\/pages"}],"about":[{"href":"http:\/\/www.ff-heiligenkreuz.com\/index.php?rest_route=\/wp\/v2\/types\/page"}],"author":[{"embeddable":true,"href":"http:\/\/www.ff-heiligenkreuz.com\/index.php?rest_route=\/wp\/v2\/users\/2"}],"replies":[{"embeddable":true,"href":"http:\/\/www.ff-heiligenkreuz.com\/index.php?rest_route=%2Fwp%2Fv2%2Fcomments&post=5039"}],"version-history":[{"count":4,"href":"http:\/\/www.ff-heiligenkreuz.com\/index.php?rest_route=\/wp\/v2\/pages\/5039\/revisions"}],"predecessor-version":[{"id":6633,"href":"http:\/\/www.ff-heiligenkreuz.com\/index.php?rest_route=\/wp\/v2\/pages\/5039\/revisions\/6633"}],"up":[{"embeddable":true,"href":"http:\/\/www.ff-heiligenkreuz.com\/index.php?rest_route=\/wp\/v2\/pages\/206"}],"wp:attachment":[{"href":"http:\/\/www.ff-heiligenkreuz.com\/index.php?rest_route=%2Fwp%2Fv2%2Fmedia&parent=5039"}],"curies":[{"name":"wp","href":"https:\/\/api.w.org\/{rel}","templated":true}]}}