{"id":1277,"date":"2015-04-27T08:35:55","date_gmt":"2015-04-27T08:35:55","guid":{"rendered":"http:\/\/ff-heiligenkreuz.com\/?page_id=1277"},"modified":"2015-07-23T06:55:18","modified_gmt":"2015-07-23T06:55:18","slug":"florianitag-2015","status":"publish","type":"page","link":"http:\/\/www.ff-heiligenkreuz.com\/?page_id=1277","title":{"rendered":"FLORIANITAG 2015"},"content":{"rendered":"<p style=\"text-align: center;\"><strong>Zum Ehre des heiligen Florian \u2013 ein Ehrentag der Feuerwehren<\/strong><\/p>\n<p style=\"text-align: center;\">Insgesamt 128 Florianij\u00fcnger aus insgesamt f\u00fcnf Pfarrfeuerwehren, davon 52 Kameraden der FF Heiligenkreuz am Waasen, B\u00fcrgermeister Franz Platzer, Vizb\u00fcrgermeister von Pirching Siegfried Neuhold, Dechant Mag. Alois Stumpf, sowie viele Ehreng\u00e4ste gedachten am Sonntag, den 26.04.2015 ihrem Schutzpatron \u2013 dem Heiligen Florian.<\/p>\n<p style=\"text-align: center;\"><strong>Florian &#8211; der Schutzpatron der Feuerwehren<\/strong><\/p>\n<p style=\"text-align: center;\">Die Namen Florian und Feuerwehr sind heute untrennbar miteinander verbunden.<br \/>\nDen Bezug zur Feuerwehr stellt eine kleine \u00fcberlieferte Geschichte her: Als in Zeiselmauer einmal ein Haus lichterloh brannte, nahm der kleine Florian einfach einen der Holzeimer, wie sie bei ihm zu Hause im Stall hingen, f\u00fcllte ihn mit Wasser und l\u00f6schte das Feuer in wenigen Minuten.<br \/>\nAnfangs war Florian der Patron der Krieger und wurde im 16. Jahrhundert zum Helfer in Feuer- und Wassergefahr. Deshalb gilt der Heilige bis heute als Schutzpatron der Feuerwehren. So wurden der Darstellung des Florian als Soldat mit Lanze und Banner die Attribute Wasserk\u00fcbel und brennendes Haus beigegeben. Manchmal verweist ein M\u00fchlstein auf sein Martyrium. Der heilige Florian ist aber auch der Schutzpatron der Kaminkehrer, Schmiede, Bierbrauer und Hafner.<br \/>\nSein Gedenktag ist der 4. Mai, der Florianitag.<\/p>\n<p style=\"text-align: center;\">Und so wurde am Sonntag in Heiligenkreuz mit einem Marsch durch den Ortskern, dem anschlie\u00dfenden Kirchgang und dem Antreten am Marktplatz unser Florian geehrt.<\/p>\n<p style=\"text-align: center;\">Nach den Ansprachen durch den Kommandanten der FF Heiligenkreuz am Waasen, HBI Ing. Pichler Patrick, sowie Bezirksfeuerwehrkommandant OBR Krenn Josef wurde die festliche Kranzniederlegung zelebriert.<\/p>\n<p style=\"text-align: center;\">\u00a0Text und Fotos: Daniel Nagler, FM<\/p>\n<p style=\"text-align: center;\"><b><div style=\"max-width:720px;margin:0 auto;\"><div class=\"wonderplugingallery\" data-width=\"720\" data-height=\"420\" data-skin=\"light\" data-autoslide=\"true\" data-autoplayvideo=\"false\" data-html5player=\"false\" data-responsive=\"true\" data-fullwidth=\"false\" data-showtitle=\"false\" data-showdescription=\"false\" data-showplaybutton=\"false\" data-showfullscreenbutton=\"false\" data-showtimer=\"true\" data-showcarousel=\"true\" data-galleryshadow=\"false\" data-slideshadow=\"true\" data-thumbshowtitle=\"false\" data-thumbshadow=\"true\" data-lightboxshowtitle=\"false\" data-lightboxshowdescription=\"false\" data-googleanalyticsaccount=\"\" data-resizemode=\"fill\" data-imagetoolboxmode=\"mouseover\" data-effect=\"fade\" data-padding=\"12\" data-bgcolor=\"\" data-bgimage=\"\" data-thumbwidth=\"48\" data-thumbheight=\"48\" data-thumbgap=\"8\" data-thumbrowgap=\"16\" data-lightboxtextheight=\"72\" data-lightboxtitlecss=\"{color:#333333; font:bold 12px Arial,Helvetica,sans-serif; overflow:hidden; white-space:normal; line-height:18px;}\" data-lightboxdescriptioncss=\"{color:#333333; font:normal 12px Arial,Helvetica,sans-serif; overflow:hidden; white-space:normal; line-height:14px;}\" data-titlecss=\"{color:#ffffff; font-size:14px; font-family:Armata, sans-serif, Arial; overflow:hidden; white-space:normal; text-align:left; padding:10px 0px 10px 10px;  background:rgb(102, 102, 102) transparent; background:rgba(102, 102, 102, 0.6);}\" data-descriptioncss=\"{color:#ffffff; font-size:12px; font-family:Armata, sans-serif, Arial; overflow:hidden; white-space:normal; text-align:left; padding:0px 0px 10px 10px;  background:rgb(102, 102, 102) transparent; background:rgba(102, 102, 102, 0.6);}\" data-jsfolder=\"http:\/\/www.ff-heiligenkreuz.com\/wp-content\/plugins\/wonderplugin-gallery\/engine\/\" style=\"display:none;\" ><a href=\"http:\/\/www.ff-heiligenkreuz.com\/wp-content\/uploads\/2015\/07\/DSC_4065.jpg\"><img src=\"http:\/\/www.ff-heiligenkreuz.com\/wp-content\/uploads\/2015\/07\/DSC_4065-150x150.jpg\" alt=\"DSC_4065\"><\/a><a href=\"http:\/\/www.ff-heiligenkreuz.com\/wp-content\/uploads\/2015\/07\/DSC_4089.jpg\"><img src=\"http:\/\/www.ff-heiligenkreuz.com\/wp-content\/uploads\/2015\/07\/DSC_4089-150x150.jpg\" alt=\"DSC_4089\"><\/a><a href=\"http:\/\/www.ff-heiligenkreuz.com\/wp-content\/uploads\/2015\/07\/DSC_4104.jpg\"><img src=\"http:\/\/www.ff-heiligenkreuz.com\/wp-content\/uploads\/2015\/07\/DSC_4104-150x150.jpg\" alt=\"DSC_4104\"><\/a><a href=\"http:\/\/www.ff-heiligenkreuz.com\/wp-content\/uploads\/2015\/07\/DSC_4107.jpg\"><img src=\"http:\/\/www.ff-heiligenkreuz.com\/wp-content\/uploads\/2015\/07\/DSC_4107-150x150.jpg\" alt=\"DSC_4107\"><\/a><a href=\"http:\/\/www.ff-heiligenkreuz.com\/wp-content\/uploads\/2015\/07\/DSC_4127.jpg\"><img src=\"http:\/\/www.ff-heiligenkreuz.com\/wp-content\/uploads\/2015\/07\/DSC_4127-150x150.jpg\" alt=\"DSC_4127\"><\/a><a href=\"http:\/\/www.ff-heiligenkreuz.com\/wp-content\/uploads\/2015\/07\/DSC_4135.jpg\"><img src=\"http:\/\/www.ff-heiligenkreuz.com\/wp-content\/uploads\/2015\/07\/DSC_4135-150x150.jpg\" alt=\"DSC_4135\"><\/a><a href=\"http:\/\/www.ff-heiligenkreuz.com\/wp-content\/uploads\/2015\/07\/DSC_4156.jpg\"><img src=\"http:\/\/www.ff-heiligenkreuz.com\/wp-content\/uploads\/2015\/07\/DSC_4156-150x150.jpg\" alt=\"DSC_4156\"><\/a><a href=\"http:\/\/www.ff-heiligenkreuz.com\/wp-content\/uploads\/2015\/07\/DSC_4158.jpg\"><img src=\"http:\/\/www.ff-heiligenkreuz.com\/wp-content\/uploads\/2015\/07\/DSC_4158-150x150.jpg\" alt=\"DSC_4158\"><\/a><a href=\"http:\/\/www.ff-heiligenkreuz.com\/wp-content\/uploads\/2015\/07\/DSC_4163.jpg\"><img src=\"http:\/\/www.ff-heiligenkreuz.com\/wp-content\/uploads\/2015\/07\/DSC_4163-150x150.jpg\" alt=\"DSC_4163\"><\/a><a href=\"http:\/\/www.ff-heiligenkreuz.com\/wp-content\/uploads\/2015\/07\/DSC_4167.jpg\"><img src=\"http:\/\/www.ff-heiligenkreuz.com\/wp-content\/uploads\/2015\/07\/DSC_4167-150x150.jpg\" alt=\"DSC_4167\"><\/a><a href=\"http:\/\/www.ff-heiligenkreuz.com\/wp-content\/uploads\/2015\/07\/DSC_4171.jpg\"><img src=\"http:\/\/www.ff-heiligenkreuz.com\/wp-content\/uploads\/2015\/07\/DSC_4171-150x150.jpg\" alt=\"DSC_4171\"><\/a><a href=\"http:\/\/www.ff-heiligenkreuz.com\/wp-content\/uploads\/2015\/07\/DSC_4173.jpg\"><img src=\"http:\/\/www.ff-heiligenkreuz.com\/wp-content\/uploads\/2015\/07\/DSC_4173-150x150.jpg\" alt=\"DSC_4173\"><\/a><a href=\"http:\/\/www.ff-heiligenkreuz.com\/wp-content\/uploads\/2015\/07\/DSC_4182.jpg\"><img src=\"http:\/\/www.ff-heiligenkreuz.com\/wp-content\/uploads\/2015\/07\/DSC_4182-150x150.jpg\" alt=\"DSC_4182\"><\/a><\/div><\/div><\/b><\/p>\n","protected":false},"excerpt":{"rendered":"<p>Zum Ehre des heiligen Florian \u2013 ein Ehrentag der Feuerwehren Insgesamt 128 Florianij\u00fcnger aus insgesamt f\u00fcnf Pfarrfeuerwehren, davon 52 Kameraden der FF Heiligenkreuz am Waasen, B\u00fcrgermeister Franz Platzer, Vizb\u00fcrgermeister von Pirching Siegfried Neuhold, Dechant Mag. Alois Stumpf, sowie viele Ehreng\u00e4ste gedachten am Sonntag, den 26.04.2015 ihrem Schutzpatron \u2013 dem Heiligen &#8230;<\/p>\n","protected":false},"author":2,"featured_media":0,"parent":37,"menu_order":0,"comment_status":"closed","ping_status":"closed","template":"","meta":[],"_links":{"self":[{"href":"http:\/\/www.ff-heiligenkreuz.com\/index.php?rest_route=\/wp\/v2\/pages\/1277"}],"collection":[{"href":"http:\/\/www.ff-heiligenkreuz.com\/index.php?rest_route=\/wp\/v2\/pages"}],"about":[{"href":"http:\/\/www.ff-heiligenkreuz.com\/index.php?rest_route=\/wp\/v2\/types\/page"}],"author":[{"embeddable":true,"href":"http:\/\/www.ff-heiligenkreuz.com\/index.php?rest_route=\/wp\/v2\/users\/2"}],"replies":[{"embeddable":true,"href":"http:\/\/www.ff-heiligenkreuz.com\/index.php?rest_route=%2Fwp%2Fv2%2Fcomments&post=1277"}],"version-history":[{"count":1,"href":"http:\/\/www.ff-heiligenkreuz.com\/index.php?rest_route=\/wp\/v2\/pages\/1277\/revisions"}],"predecessor-version":[{"id":1604,"href":"http:\/\/www.ff-heiligenkreuz.com\/index.php?rest_route=\/wp\/v2\/pages\/1277\/revisions\/1604"}],"up":[{"embeddable":true,"href":"http:\/\/www.ff-heiligenkreuz.com\/index.php?rest_route=\/wp\/v2\/pages\/37"}],"wp:attachment":[{"href":"http:\/\/www.ff-heiligenkreuz.com\/index.php?rest_route=%2Fwp%2Fv2%2Fmedia&parent=1277"}],"curies":[{"name":"wp","href":"https:\/\/api.w.org\/{rel}","templated":true}]}}